 a composite?
True
Let t = 817712 - 49785. Is t a prime number?
False
Let h(r) = 1867*r**2 - 104*r + 356. Is h(11) a composite number?
False
Let p = 103 + -50. Suppose -p*k = -58*k + 54000. Suppose 5*s - 5945 = k. Is s composite?
True
Suppose f - 684465 = -l, 29*l = -4*f - 14*l + 2737704. Is f composite?
False
Let n be 56/(-56) - (4/(-2) + 8). Let y(v) = 28*v**2 + 33. Is y(n) composite?
True
Is -29642*(-3)/((-24)/(-20)) a prime number?
False
Let x(c) be the second derivative of 0 - 24*c - 1/3*c**3 - 61/10*c**5 - 1/4*c**4 - 1/2*c**2. Is x(-2) composite?
False
Suppose -2*b = 5*n + 31944, 5*b + 107 = -5*n - 31843. Let i = -4439 - n. Is i a prime number?
True
Suppose 0 = -v - 4*v. Suppose 2*n + v*n = -6. Is n + (-1233)/(-3) - -3 a composite number?
True
Suppose -4*c + 21 = -5*a, -3*a + 4*c - 13 = 2*c. Let h = a - -10. Suppose 2*g + 1893 = h*g. Is g composite?
False
Let u(x) = x**2 + 11*x + 10. Let v be u(-13). Let p(k) = 17*k**2 - 55*k + 77. Is p(v) prime?
True
Let t = 280 - 278. Suppose 0 = -n - v + 3941, -4*n + t*v + 3*v = -15809. Is n a prime number?
False
Let h = 77 - 122. Let f = h - -47. Suppose 0 = -5*w - 2*m + 114, 2*m - 38 - 10 = -f*w. Is w composite?
True
Is (10/(-15))/(6*12/(-15493788)) a composite number?
False
Suppose 4*p = 5 - 21. Let x be ((-1)/(-2))/(p/(-76240)). Suppose z - 541 = 2*c + 1368, -5*z + x = -5*c. Is z a composite number?
True
Let l(m) = 95*m - 91. Suppose 0 = 2*a + 5*b - 17 - 23, -3*a - 5*b + 50 = 0. Is l(a) composite?
False
Let f(w) = 2*w**2 + 4*w - 4. Let d be f(8). Suppose -39*t - 3711 = -21222. Let y = t - d. Is y a composite number?
False
Let t(k) be the first derivative of 33*k**3 - 23*k**2/2 + 19*k - 131. Is t(3) composite?
True
Let q(m) = m - 11. Let b be q(-22). Let w = 59 + b. Is 1*(1*-142)/(w/(-143)) prime?
False
Suppose 14*h + 12 - 40 = 0. Suppose 3*m = -0*m. Suppose h*c - c - 19 = m. Is c composite?
False
Suppose -1976 = 13*f - 32*f. Let a = f - -1094. Is a composite?
True
Let h = 473 + -684. Let l = -138 - h. Suppose 2*j - l = 3*z, -3*z + 137 = -2*j + 6*j. Is j prime?
False
Suppose 0 = 2*x - 5*a - 59952 - 553140, 0 = 2*x + a - 613104. Is x prime?
False
Suppose m = -4*d + 1006 + 10176, 2*d = 4. Suppose 0 = k + 4, 0 = -5*o - k + 917 + m. Is o composite?
True
Let o be 287 + (-7 - 5)/(-4). Suppose -289*g + o*g - 6127 = 0. Is g prime?
False
Suppose 2*w = t + 15, -2*t + 5*t + 5 = -2*w. Let x be 236/16 + (-1)/(-4). Suppose -x*y + 36470 = -w*y. Is y prime?
False
Let f be (-4)/32 + 34/16. Suppose -f*k = -k - 5. Suppose -k*n + n + 1012 = 0. Is n a prime number?
False
Let d = -6167 - -35830. Is d composite?
False
Let d = -105 + 129. Suppose 0*l = 6*l - d. Is 1/(5/32740*l) a prime number?
True
Suppose 366164 = 5*l + 3*j, -69*j = -5*l - 71*j + 366171. Is l prime?
True
Let m = 107837 - -702920. Is m prime?
True
Let y be 181/(8/(-6) + (-7)/(-21)). Let d = 301 + y. Suppose 0 = 3*i - 4*q - d - 473, 0 = 4*i + 2*q - 754. Is i a composite number?
False
Let p = -14556 + 26233. Is p composite?
False
Let p = -11 - -12. Suppose -4*c + 7*c = -15. Is 73440/75 + p/c a composite number?
True
Suppose -f - 6 + 8 = 0. Suppose 1 + f = q. Suppose 12996 = 3*o + 5*b, -5*o = -q*b - 25191 + 3565. Is o a composite number?
False
Let p(z) = -z**3 + 10*z**2 - z + 14. Let v be p(10). Let t(b) = -b**2 + 4*b. Let d be t(v). Suppose d = 7*m - 10*m + 1317. Is m a prime number?
True
Let t = -131 + 125. Let y(q) = 33*q**2 - 7*q + 19. Is y(t) a composite number?
False
Suppose -j - 5*z - 8 = -0*j, 3*j + 14 = -5*z. Let d be (1*j)/(21/(-25550)). Let b = d + -2457. Is b composite?
False
Suppose -3*w + 5*l + 7 = 0, 7*w + 4*l = 4*w - 11. Suppose 8120 = -4*a - 1136. Is (w/(-2))/((-13)/a) a composite number?
False
Let g = -36677 - -105934. Is g composite?
False
Suppose 0*k - 6 = -k. Let r be (1 - 5) + (218 - 2)/k. Is -1*(-3 - 69/6*r) composite?
True
Let y = 598 - -582. Let q be (-5)/(-5)*-4 + 4. Suppose q*h + y = 4*h. Is h a prime number?
False
Suppose 0*s - 36 = -9*s. Suppose 5*k + 23 = -y, -3 = -0*y - s*y - k. Suppose p - 297 = 5*j, y*p - 5*j + 0*j - 604 = 0. Is p composite?
False
Suppose 2*b + 86 = 88, 0 = -4*k + 2*b + 386474. Is k prime?
False
Let z(p) = -p**3 + p**2 + 56*p + 44483. Is z(0) a prime number?
True
Suppose -89*w + 91753 + 4550398 = 0. Is w a prime number?
False
Suppose -8*t + 5 + 27 = 0. Suppose -u - 5 = -2*o - 1, -t*u + 2 = -2*o. Suppose -198 + 20 = -u*x. Is x a composite number?
False
Suppose -9*w + 2087 + 190 = 0. Suppose -11*q = -1045 - w. Is q a prime number?
False
Let v(u) = 80*u**2 - 39*u + 1694. Is v(23) composite?
False
Let g(h) = 5*h - 27. Let f be g(11). Suppose m + f = -5*p, 2*m - 7*m = -p + 62. Let w = m + 450. Is w a composite number?
True
Suppose -2*v + 9258 + 2262 = 0. Let u = v - 3427. Is u a composite number?
False
Suppose -3*y - 4 = c - 28, 0 = 3*y - 3. Let n = c + -17. Suppose n*z + 4*t - 5904 = 0, 9*z - 7383 = 4*z - 2*t. Is z a prime number?
False
Suppose -4*f + 70 = f. Let j(m) = 470*m**3 - 2*m**2 - 51*m + 98. Let h be j(2). Suppose -f*s = -18*s + h. Is s prime?
True
Suppose -2*q + 222190 + 161711 = -n, 2*n - 959775 = -5*q. Is q a prime number?
True
Let z(u) = -2*u**3 + 5*u**2 - 2*u + 6. Let n(j) = j**2 + 6*j + 3. Let y be n(-6). Suppose -5*d + 13 = -y*t - 22, 2*t - 5*d = -30. Is z(t) a prime number?
False
Let c(h) = -h**3 - 6*h**2 + 2. Let k be c(-6). Suppose -k*w + 3*m + 86 = 0, 5*w - 4*m - 176 = w. Is 2866/14 - w/(-161) a prime number?
False
Let w(l) = 3112*l - 51. Let a be w(4). Suppose -5*i = 4*g - a, -2*i = -g - 1499 + 4608. Is g a composite number?
True
Let z = -640 - -641. Let r(g) = 37138*g - 17. Is r(z) a prime number?
False
Suppose -9*o + 33332 = -34249. Suppose -98*q + 95*q + o = 0. Is q a composite number?
False
Suppose -169*g + 26*g + 2828111 = 0. Is g a composite number?
False
Is -8 + (-13)/((-26)/12) + 65091/3 a composite number?
True
Let b be 0 - -1*3890/5. Let n be b/6 - (-6 - (-40)/6). Suppose -2*u + 61 + n = 0. Is u a composite number?
True
Let w(o) = -4*o**2 + 50*o + 28. Let q be w(-27). Let a = 6165 + q. Is a prime?
False
Suppose 3*t - 2*t + 4 = 3*q, 4*q - 32 = -2*t. Let i be (0 + -1)*(-14 + t) - 0. Suppose 7197 + 21381 = i*o. Is o a prime number?
False
Let t = 7 + 404. Suppose 7359 = -t*b + 414*b. Is b composite?
True
Suppose -c + 130*c - 23956934 = 1760119. Is c prime?
True
Let v(d) = d**2 - 5*d - 7. Let n be v(6). Let z be -4 + 245 + 4 - (3 - n). Suppose g - 5*u = z, 2*g - 451 = u - 5. Is g a prime number?
False
Let o = -7711 + 24654. Suppose 7 + 13 = 5*j. Suppose o + 1941 = j*v. Is v prime?
True
Let b(x) = -149 + 15*x**2 + 5*x**2 + 0*x + 11*x. Is b(10) a composite number?
True
Suppose -u = -p - 75, 0 = 4*u + 4*p - 366 + 66. Suppose -2*c - u = -1331. Suppose 3*q - 7*q = -c. Is q a composite number?
False
Let r(j) = -2*j - 20. Let w = 51 + -61. Let i be r(w). Suppose 2*l - 253 = -o, -3*o + 767 = -i*o + 2*l. Is o prime?
True
Let n = 32758 - 14501. Let z = 5222 + n. Is z composite?
True
Let n(c) = 63*c**2 - 124*c + 1178. Is n(28) a prime number?
False
Let v = -52 - -57. Suppose -v*l - 1321 - 9 = 0. Let o = l + 603. Is o composite?
False
Let i(m) = -m**3 + 42*m**2 + 45*m - 76. Let s be i(43). Suppose -13*c - s*c = -76889. Is c composite?
False
Let d be (-126)/(-45) - (-2)/10. Suppose -1156 = -7*x + d*x. Suppose -2*f - 2*y + y = -x, 0 = -3*f + y + 421. Is f prime?
False
Suppose -k - 9 = 5*n, 4*k + 17 = k - 5*n. Is 9 + -7 - (-193 - k) prime?
True
Suppose y + 555 = 6*y. Suppose -y = -5*p + 2*j - 22, 51 = 3*p - 2*j. Is p a prime number?
True
Let p(w) = -w**3 + 24*w**2 + 23*w + 54. Let c be p(25). Suppose c*z - 2*u - 23160 = 0, -5*z - u = -6*u - 28945. Is z prime?
True
Let k(w) = -w**3 - 24*w**2 - 21*w + 44. Let f be k(-23). Is 6/f - -2 - (1 + -1341) a prime number?
False
Let f = 18070 + -10815. Is f prime?
False
Is 10 + (2 + 83324 - -15) composite?
True
Let t(g) = 30367*g + 3037. Is t(6) a composite number?
True
Is 621037012/1264 + ((-3)/4 - -1) a prime number?
True
Let f = -8108 - -35437. Is f prime?
True
Let t = 57702 - 29353. Is t a composite number?
False
Let l = 16104 + -9299. Is l a prime number?
False
Let i(o) = -102*o - 8. Let a = 6 - 2. Let b be 171/(-38) + (-2)/a. Is i(b) composite?
True
Let k(i) = 50*i**2 - 9*i - 100. Is k(-23) a prime number?
True
Suppose -2984935 + 244046 - 1177498 = -33*